t is the units digit of w?
1
Let u(h) = -h**3 - 4*h**2 - 3*h + 1. Let s be u(-3). Let k be (-2)/(-4)*(-5 + 17). What is the units digit of (-2)/s + 0 + k?
4
Let u = -10 + 12. Let j be (-4)/(-6) - 48/(-9). Suppose -u*l + 8 = -j. What is the units digit of l?
7
Let p(x) = -2*x + 33. What is the tens digit of p(-12)?
5
Suppose 2*z + z - 36 = 0. Suppose -3*v + z = v. What is the tens digit of (3 - (-30)/9)*v?
1
Let i(a) = -a**3 + 3*a**2 + 3*a + 1. Let c be i(-2). Let j = c + -2. What is the units digit of j?
3
What is the tens digit of (2 + -3)*(-22 - (3 + -6))?
1
Suppose -3*j - 451 = -6*s + 2*s, 4*s + 3*j = 445. What is the hundreds digit of s?
1
Let u(z) = -96*z**3 + z**2. What is the tens digit of u(-1)?
9
Suppose -5*x = 3*t + 3 + 1, -5*t - 4*x = 11. What is the units digit of ((-84)/(-70))/(t/(-40))?
6
Let y(a) = 8*a. Let j = 3 - 6. Let z be ((-9)/(-6))/(j/(-4)). What is the tens digit of y(z)?
1
Let v(h) = 7*h**2 + 8*h. Let b(w) = -6*w**2 - 8*w - 1. Let u(i) = -6*b(i) - 5*v(i). Let s be -1*2 - 14/2. What is the tens digit of u(s)?
1
Let i = -167 - -243. What is the units digit of i?
6
Let y = -134 + 225. What is the tens digit of y?
9
Suppose -14*f + 375 = -2887. What is the units digit of f?
3
Let y(u) = -u**3 + 15*u**2 - 14*u + 3. What is the units digit of y(14)?
3
Let u be (-1)/((-2)/4*1). Suppose -4*c + 3 = -5*n + 14, -2*n + u = -4*c. What is the units digit of c?
1
Let j = 5 + -3. Suppose -2*z = -j*l, 5*z - 15 = l + 1. What is the units digit of 1/z - (-7)/4?
2
Let n(m) be the second derivative of -m**5/20 - 5*m**4/12 - m**3/6 + 5*m**2/2 + 4*m. What is the tens digit of n(-5)?
1
Suppose 4*h + 3 = 23. Suppose -h*a + y + 1 + 6 = 0, 5*a = -y + 3. Let p(z) = 3*z**3 + z - 1. What is the units digit of p(a)?
3
Suppose -10*d - 1848 = -17*d. What is the tens digit of d?
6
Let d(m) = 2*m**2 + 23*m. What is the units digit of d(-12)?
2
Let n(t) = 29*t**2 + 4*t - 3. What is the units digit of n(1)?
0
Let c(a) = -a - 1. Let l(r) = r**2 + 3*r + 1. Let w(f) = 5*c(f) - l(f). Let t = 10 - 15. What is the units digit of w(t)?
9
Let f = 47 + -14. What is the units digit of f?
3
Suppose 0 = 2*l - 7*l - 80. Let z = -1 - l. What is the tens digit of z?
1
Let q = 551 + -329. What is the units digit of q?
2
Let n(p) = -7*p**3 - 3*p**2 - 4*p - 6. What is the tens digit of n(-2)?
4
Suppose 10 = -3*u + 25. What is the units digit of u?
5
Let t(b) be the first derivative of 2*b**2 + 5*b - 3. Suppose -5*l - 1 = -21. What is the units digit of t(l)?
1
Let b = -10 + 28. What is the units digit of b?
8
Let i be (1/2)/(1/26). Let r = -3 + i. What is the units digit of r?
0
Suppose -5*s + 3*s = 0. Suppose 3*g - 68 - 10 = s. What is the units digit of g?
6
Suppose -2*s + 302 = 4*q - 64, -2*q + s + 177 = 0. What is the units digit of q?
0
Let d = -1 - 1. Let z = d + 9. What is the units digit of z?
7
Suppose -4 = -2*v, 2*f + v + 3*v = 12. Suppose -f*o + 21 = o. What is the units digit of o?
7
Let w = 9 + -5. Suppose -w = -3*v + 5. Let a = v + -2. What is the units digit of a?
1
Let d(n) = -29*n - 16. What is the tens digit of d(-12)?
3
Suppose -3*u - 2*u - 977 = -4*x, -10 = 2*u. What is the units digit of x?
8
Suppose 3*n + 165 - 26 = 5*y, -126 = -4*y - 5*n. What is the units digit of y?
9
Suppose 45 = l + 4*u - 30, 4*u - 348 = -4*l. What is the units digit of l?
1
Suppose m - z - 10 = 0, -3*z - 47 = -5*m + 1. Let r = -1 + -3. Let y = m + r. What is the units digit of y?
5
Let i = -22 - -33. What is the tens digit of i?
1
Suppose 27 - 9 = 3*t. What is the units digit of t?
6
Suppose 2*w + 67 = 5*y, 4*w = y + 2*y - 29. Suppose -52 = -i - 3*r, 0*r + y = 3*r. What is the units digit of i?
7
Let w be 2/(-8) - (-20)/16. Let f = w - 4. What is the units digit of (-1)/f - 120/(-18)?
7
Let p = -37 - -150. What is the hundreds digit of p?
1
Suppose 0*a + 5 = 5*a. Suppose i + a = 16. What is the units digit of i?
5
Let y(q) = -q**2 - 9*q - 9. Let x be y(-7). Suppose 2*s - x - 55 = 0. What is the tens digit of s?
3
Suppose 2*k - 2*i = 286, -3*k = -6*i + 5*i - 427. What is the units digit of k?
2
Let b(q) = q**2 + q - 1. Let u be b(-3). Suppose 37 = u*n - 23. What is the units digit of n?
2
Suppose -3*i + 10 = 2*i. Suppose -20 = 4*y, -5*y + 30 = 3*u - i*y. What is the units digit of u?
5
Let y = -56 + 82. What is the tens digit of y?
2
Suppose -2*y + y = -16. Suppose c - 2*c + 28 = 0. What is the units digit of c/y - (-1)/4?
2
Let t = -86 + 210. What is the units digit of t?
4
Let r(c) = -c**2 + 11*c - 12. Let t be r(8). What is the tens digit of 238/t + 1/6?
2
Let g(a) = 2*a**2 + 0*a**2 + a**3 - 3*a**2 - 4*a**2 + 2. Let n be g(5). What is the units digit of -1 - (n + -2 - 2)?
1
Let m be ((-42)/(-8))/(2/8). Suppose -6*c + 2*c - g + m = 0, 2*c - 13 = -3*g. Suppose -c*f + w + 27 = 5, 2*w + 19 = 5*f. What is the units digit of f?
5
Suppose 3*q = -5*o - 25, -q + o + 25 = -4*o. Suppose n + n + 18 = q. What is the units digit of ((-3)/n)/((-1)/(-6))?
2
Let x(m) = -10*m + 18. Let r(s) = -3*s + 6. Let n(o) = -7*r(o) + 2*x(o). Suppose 4*q - 46 = 2*p - 7*p, -p = -2*q + 16. What is the units digit of n(q)?
3
What is the units digit of (6 - 11)*(-8)/5?
8
Let z(g) = g**3 - 3*g**2 - 5*g + 1. Let p be z(4). Let f(w) be the first derivative of -w**4/4 - w**3 + w**2/2 + 4*w - 3. What is the units digit of f(p)?
1
Suppose 2*y = 2*g - 0 - 2, 4*y = 2*g + 2. Let j be 1/y + (-30)/(-4). Let k = -6 + j. What is the units digit of k?
2
Suppose -2*w + 6 = 2*q, 4*q - 23 = -q - w. Suppose z - q = 6. What is the units digit of z?
1
Suppose -5*s + 73 = z + 11, 0 = 4*s + 3*z - 43. Let o = 21 - s. What is the units digit of o?
8
Suppose -4*u + 12 = -3*p + p, 5*p - 4*u + 6 = 0. Suppose -i = p*i. What is the units digit of (-2 - i) + 5/1?
3
Let l be 0 + (2 - 2 - -38). Let k = l - 27. What is the tens digit of k?
1
Let c = 26 - -1. What is the units digit of c?
7
Suppose 3 = y - 3*t, 3*y = 6*y + t + 1. Suppose -z + y*z = -15. What is the units digit of z?
5
Let q(u) = -u - 11. Let t be q(-8). Let o be 9/t - (-1)/(-1). What is the units digit of o/(8/(-6) - -1)?
2
Let d be ((-4 - -4) + 3)*33. Suppose -146 = -5*a + d. What is the units digit of a?
9
Let z be (2*3)/(-7 - -9). Let r(w) = w + 0*w + z - 1. What is the units digit of r(10)?
2
Suppose o = 3*o - 4. Let p = -36 - -39. Suppose -3*z - 4*c = c - 20, z = p*c + o. What is the units digit of z?
5
Suppose -3 = -5*b + 2*b. Let w be b + 0 - (0 - -22). Let n = -13 - w. What is the units digit of n?
8
Let s be (-16 + 0)*2/1. What is the units digit of ((-18)/8)/(6/s)?
2
Let c(u) = u**3 + 7*u**2 + 3*u + 5. Suppose -1 = -3*y - 19. What is the units digit of c(y)?
3
Suppose -2*w + 0*w = y - 92, 4*y = -2*w + 350. What is the units digit of y?
6
Suppose 0 = -3*p + 6*p - 24. Suppose 5*k - 4*d - 7 = 0, -k = k + 2*d + p. What is the units digit of 4/(-12)*(k + -2)?
1
Suppose 0 = -6*g + 3*g + 3. Let c be 4 - 1/(0 - g). Suppose 0 = -2*o + 5*p - 6, c*o = 3*p - 2*p + 8. What is the units digit of o?
2
Let q = 45 - 21. Suppose 16 = 4*s - q. What is the tens digit of s?
1
Suppose -3*r = 3*i - i - 120, 5*i - 2*r = 338. What is the tens digit of i?
6
What is the units digit of -4 + -2 + (-2 - -12)?
4
Suppose 0 = -2*x - 2*x. Suppose 3*d + d + 16 = x. Let a = 8 + d. What is the units digit of a?
4
Let m(b) = -b - 4. Let o be -11 + 1 + (7 - 4). Let n be m(o). What is the tens digit of n*(28/6 + 0)?
1
Let b = 304 - 209. What is the tens digit of b?
9
Suppose 35 = g - 3*y - 22, 5*y - 20 = 0. What is the units digit of g?
9
Let o(z) = -z - 3. Let w be o(-2). What is the units digit of w/6 + 182/12?
5
Let b = 12 + -9. Suppose -37 + 4 = -b*f. What is the tens digit of f?
1
Let a(j) = j + 1. Let f be a(4). Suppose 5*y - 34 = -5*t - 9, 2*t + f*y = 16. Suppose t*u - 27 = 3*o, -5*u - 4*o + 0*o + 81 = 0. What is the tens digit of u?
1
Suppose 4*c - 11 = 9. Suppose 6*t - t = c*a + 75, -4*t + 5*a + 61 = 0. What is the units digit of t?
4
Let x be (-1 + 2)*0 - -5. Suppose -x*j + 12 = -j. What is the units digit of j?
3
Let j be -1*2/(-2)*3. Let d be 2 + ((-2)/1)/(-1). Suppose d + 2 = j*k. What is the units digit of k?
2
Let m(d) = 2*d**2 + 11*d + 9. Let w be m(-7). What is the units digit of -1 + 1 + w/10?
3
Suppose 0 = 2*b - 0*b - 300. Let m = 70 - b. What is the units digit of 2/7 - m/14?
6
Let 